pose -2*k + 371 = 2*f + 3*k, -4*k + 366 = 2*f. Is 24 a factor of f?
False
Let p = 4 - 6. Let y be -2 + p/(4/2). Is (-2)/6*y*5 a multiple of 4?
False
Let b be (-1 + 0)/(4/16). Does 3 divide ((-2)/2)/(b/36)?
True
Is 12 a factor of (6 + 49 - -6)*(1 - 0)?
False
Let g(i) = -i**3 + 4*i**2 - 3*i. Let j be g(5). Let h = 69 + j. Does 15 divide h?
False
Let j be 125 - (-2 + -1)/(-3). Suppose 2*u = 6*u - j. Does 22 divide u?
False
Suppose -3*r + i + 0 = -6, 5*i + 4 = 2*r. Suppose 4 = 2*n, 5*h - 169 = r*n + 217. Is 13 a factor of h?
True
Let a(h) = -3*h**2 - 43*h - 17. Is 9 a factor of a(-13)?
False
Suppose -4*x = -3*o - 5*x + 11, -x + 19 = 5*o. Is 3 a factor of o?
False
Does 12 divide ((-2 + 10)*3)/((-44)/(-110))?
True
Let b = 17 + -12. Suppose -b*i = -27 - 58. Does 7 divide i?
False
Let o = -15 - -48. Is o a multiple of 16?
False
Is (-2)/(((-3)/138)/((-2)/(-8))) a multiple of 4?
False
Let l be ((-5)/(-2))/(3/(-6)). Let r be 7/(21/(-18)) + 3. Is -8*r/((-6)/l) a multiple of 20?
True
Let r(h) = -3*h**3 - 3*h + 2. Let o be r(1). Let a = 50 - o. Is a a multiple of 13?
False
Let p(i) = 2*i - 4. Let a be p(3). Is 6 a factor of ((-1)/a)/(1/(-12))?
True
Let s(p) = 5*p + 6. Let d(k) = 10*k + 11. Let g(m) = -6*d(m) + 13*s(m). Is 15 a factor of g(6)?
False
Suppose -3 = -z, 0 = 6*m - 4*m + z - 111. Does 18 divide m?
True
Suppose -199 + 4 = 5*p. Let x(i) = 4*i - 6. Let a be x(-5). Let d = a - p. Is d a multiple of 13?
True
Suppose 2*g = -3*g + 340. Is 15 a factor of g?
False
Let i(q) = -q - 3. Let v be i(-3). Suppose -n + o + 4 = v, -2*n + 1 = 3*o - 2. Is 3 a factor of n?
True
Suppose 3*a + 1 = 2*z, -2 = -2*a + z + z. Does 9 divide a*8/18*-18?
False
Let s(c) = -c**3 - 5*c**2 - 4. Let o be s(-5). Let f = 1 - o. Is 3 a factor of f?
False
Let j be -3 + 12/3 + 1. Suppose u = -j - 1. Let n = u - -19. Is 9 a factor of n?
False
Let l = 0 - 2. Is 4 a factor of -2*2*l + 0?
True
Let i be (1/2)/((-1)/(-8)). Suppose -i*w - 2*a + 90 = 0, 6*w + 3*a - 113 = w. Is 11 a factor of w?
True
Let u(c) = c**2 + 4*c - 7. Let z be u(-5). Let m be z*((-126)/4)/1. Suppose 0 = 6*k - 3*k - m. Is k a multiple of 8?
False
Let m(f) = -f**3 + 9*f**2 + 11*f + 6. Is m(9) a multiple of 15?
True
Let q(o) = 2*o**2 - o. Does 8 divide q(-4)?
False
Does 3 divide (-6)/(-42) + 332/28?
True
Let v be 1464/28 - 4/14. Let z(h) = 5*h**2 - 1. Let i be z(1). Suppose 0 = -4*u + 2*g + v, 36 = 3*u + i*g - 14. Is 14 a factor of u?
True
Suppose -4*a + 609 = 61. Is a a multiple of 14?
False
Suppose 10 + 4 = c. Does 14 divide c?
True
Let g(x) = 396*x**3 + x**2 - 1. Let m be g(-1). Is 7 a factor of m/(-15) + (-6)/15?
False
Let h(q) = -q**3 - 5*q**2 - 7*q - 6. Does 15 divide h(-6)?
False
Is (1368/30)/((-2)/(-5)) a multiple of 9?
False
Let x(o) = 6*o + 2. Suppose -2*g - 2 = 0, 2*g - 8 = 4*l - 2*g. Let d = -1 - l. Is 7 a factor of x(d)?
True
Let t(y) = y**3 + 7*y**2 + 6*y + 2. Let l be t(-6). Suppose 5*n = 2*n + 5*i + 28, -4*n - l*i + 72 = 0. Is 9 a factor of n?
False
Let v = 271 + -154. Is 9 a factor of v?
True
Let y be (16/(-20))/((-1)/5). Let i = 11 + y. Is 4 a factor of i?
False
Let h(v) = -7*v**2 + 13*v + 14. Let l(b) = -6*b**2 + 12*b + 13. Let a(o) = 5*h(o) - 6*l(o). Is 10 a factor of a(9)?
True
Let o be -1*(-1 + 3/3). Let g = 3 - o. Suppose 5*i + g*v - 162 = -46, -112 = -4*i + 4*v. Is 13 a factor of i?
False
Is 13 a factor of ((-65)/(-45))/(-13) + (-2108)/(-18)?
True
Suppose 5*r + 6 = -3*f + 1, 4*f + 10 = -5*r. Suppose -w = r*w - 54. Is 11 a factor of w?
False
Let m(n) = 2*n**3 - 9*n**2 + n - 13 - 2*n**3 + n**3. Let d be m(9). Is (-105)/d + 3/(-12) a multiple of 13?
True
Let g(b) be the second derivative of -b**5/20 + 5*b**4/12 + 2*b**3/3 - b**2 - b. Does 9 divide g(5)?
True
Let w = -82 + 175. Is w a multiple of 31?
True
Let t = -614 - -904. Suppose 105 - t = -5*v. Does 16 divide v?
False
Suppose 4*l = -0*l - 36. Let p be (l - -3)*(-2)/2. Is 4 a factor of 10/3 + 4/p?
True
Let h(n) = 40*n + 2. Let r be h(-2). Let x = -26 - r. Does 11 divide x?
False
Let x(y) = 8*y**2 + 1. Let s be x(2). Does 7 divide -3 - (-2 + s)*-1?
True
Let p = -333 - -583. Suppose -6*y + y = -p. Does 17 divide y?
False
Suppose 3*x + 0*x + 59 = 5*o, 17 = o + 2*x. Suppose -3*w = -2*s - o, s + 19 = -s + 5*w. Is s - (-4)/(-6)*-33 a multiple of 10?
True
Let j = -63 - -82. Is 3 a factor of j?
False
Let t = -5 + 9. Suppose t*i - 82 = -18. Does 5 divide i?
False
Let w(b) = b**3 + 5*b**2 + 2*b - 5. Let z be w(-4). Suppose r - 30 = 134. Does 14 divide r/6 + 2/z?
True
Suppose 4*d - 65 = 3*y, 2*y + 3*y = d - 29. Let x = d + -6. Suppose 3*u = -u + x. Is u even?
True
Suppose 4*c - 5*r + 4*r - 165 = 0, -r + 155 = 4*c. Is c a multiple of 13?
False
Let b be 93/(-3) - (-3 - 0). Let l = 43 + b. Does 15 divide l?
True
Let t(n) = -10*n - 20. Is t(-8) a multiple of 20?
True
Let y(g) = 6*g**2 + 1. Is y(-3) a multiple of 11?
True
Let w be 1*13 - 2/(-1). Suppose -3*a - w = 0, 0*y - 5*y + 5 = 4*a. Suppose y = m - 1. Is 3 a factor of m?
True
Let d(m) = -m**3 - 4*m**2 + 3*m + 7. Let t(u) = -u**2 - 8*u - 5. Let x be t(-8). Is 13 a factor of d(x)?
False
Let m = -9 - -6. Is 10 a factor of (m + -1)/(-2) - -18?
True
Let f(t) = 9*t**2 - 3*t - 2. Let p be f(-2). Suppose -2*n + 2*v - v = -31, 0 = 3*n + 5*v - p. Does 15 divide n?
True
Suppose 2*v = 2*i + 8, -i + 4*i + v - 8 = 0. Let g(u) = 8*u + 1. Let o be g(i). Suppose r + 2 = 0, 2*r = y + 6*r - o. Is y a multiple of 17?
True
Let j(d) = -d**3 + 4*d + 3. Let t be j(-2). Suppose 8 = t*w + 2. Suppose -f + 16 = 3*f, -w*b + 60 = 2*f. Does 11 divide b?
False
Suppose 0 = -0*h + h + 4*y - 134, 502 = 4*h - y. Is 21 a factor of h?
True
Does 13 divide 3/21 - 726/(-14)?
True
Let k be (1/5 - -3)*-5. Let w = 10 + k. Is w/(-4)*(-10)/(-1) a multiple of 4?
False
Let w be (6/(-4))/(9/(-12)). Let d be w/6 + (-34)/(-6). Let f(b) = b**2 - 5*b + 4. Is f(d) a multiple of 5?
True
Let b(q) be the first derivative of -q**6/120 + 3*q**5/20 - q**4/4 + 4*q**3/3 - q**2/2 + 2. Let z(a) be the second derivative of b(a). Is 10 a factor of z(8)?
False
Let g = -18 - -6. Does 9 divide (g/(-20))/((-2)/(-30))?
True
Suppose 237 = 5*r + s, -r + 0*s = -3*s - 41. Is 6 a factor of r?
False
Suppose 5 = -4*d + 13. Suppose -d*w = 3*w. Let c = w - -11. Does 11 divide c?
True
Let f(p) = p**3 - 2*p**2 - 2*p - 1. Let n = -7 - -10. Is 2 a factor of f(n)?
True
Is 13 a factor of (-3)/(-4) + ((-14550)/(-24))/5?
False
Let v(j) = j**3 + 2*j**2 - 3*j - 3. Let n be v(-2). Suppose -g + 4*l = 1 - 15, -n*g - l + 42 = 0. Is g a multiple of 4?
False
Let h(z) = -4*z**3 + 6*z**2 + 18*z + 11. Let o(a) = 3*a**3 - 7*a**2 - 17*a - 10. Let i(p) = 4*h(p) + 5*o(p). Does 12 divide i(-10)?
True
Let n(x) = -x**2 + x. Let d(s) = s**3 - 10*s**2 + 6*s - 2. Let k(z) = d(z) - 3*n(z). Is 9 a factor of k(7)?
False
Suppose -180 - 108 = -2*j. Suppose 5*o - j = o. Does 12 divide o?
True
Let m(u) = -1 + 5 - u - 1. Let y(c) = -2. Let a(x) = 3*m(x) + 4*y(x). Is 6 a factor of a(-5)?
False
Let s(w) = w**3 + w**2 - 4*w - 4. Does 25 divide s(4)?
False
Suppose 2*a + 3*a = 225. Suppose -r - 2*k + 123 = 0, -4*k - 144 = -2*r + 102. Suppose -4*f + r = -3*n + a, 3*n - 27 = -f. Is 8 a factor of f?
False
Let w = -144 + 204. Does 5 divide w?
True
Let m(l) = -20*l - 10. Is m(-2) even?
True
Let u = -81 - -99. Is u a multiple of 9?
True
Let k(p) = 4*p**3 - p + 0*p**2 + 1 + 4*p**2 + 0*p**2 - 8*p**2. Let w(x) = 3*x**3 - 3*x**2 + 1. Let b(o) = 4*k(o) - 5*w(o). Is 16 a factor of b(4)?
False
Suppose 0 = -9*k + 4*k + 495. Suppose -k = -4*p + x, 3*x + 84 = 4*p - x. Is p a multiple of 13?
True
Let p(x) = -65*x - 3. Is p(-3) a multiple of 40?
False
Let v = 34 - 100. Does 9 divide (0 + v)*4/(-8)?
False
Let g(d) be the third derivative of -d**5/60 + d**4/4 + 4*d**3/3 + 3*d**2. Let n be g(6). Let b = n + -3. Does 5 divide b?
True
Let c(d) = d - 3. Let w be c(6). Suppose 3*x + w*v = 153, -306 = -4*x + 3*v - 102. Is x a multiple of 17?
True
Suppose -4*w = -5*y, y - w + 1 = -0. Suppose y*u - 56 = -4*s, -u - 2*s + 11 = -0*u. Is u a multiple of 17?
True
Suppose 60 = 2*x - 2. Is x a multiple of 7?
False
Suppose -2*s + 20 = -4*c + 8, -2*c = 5*s - 42. Does 16 divide 580/16 + (-2)/s?
False
Let h(z) = z**3 - 4*z**2 - z + 5. Does 24 divide h(5)?
False
Let u = 11 + 23. Is 8 a factor of u?
False
Let m(a) = 2*a**3 + 5*a**2 - 4*a - 3. Let i be m(-4). Let p b